{"id":72540,"date":"2024-12-04T15:01:43","date_gmt":"2024-12-04T13:01:43","guid":{"rendered":"https:\/\/dacasas.es\/?post_type=property&#038;p=72540"},"modified":"2025-10-21T10:39:30","modified_gmt":"2025-10-21T08:39:30","slug":"villa-renovee-avec-vue-sur-la-mer-a-denia","status":"publish","type":"property","link":"https:\/\/dacasas.es\/fr\/woning\/gerenoveerde-villa-met-zeezicht-in-denia\/","title":{"rendered":"Villa r\u00e9nov\u00e9e avec vue sur la mer \u00e0 D\u00e9nia"},"content":{"rendered":"<p>Maison r\u00e9nov\u00e9e avec maison d'h\u00f4tes au pied du Montgo \u00e0 D\u00e9nia, \u00e0 distance de marche du centre. Proche de plusieurs \u00e9coles dont l'\u00e9cole internationale Alfa y Omega.<\/p>\n\n\n\n<p>Vendu ! F\u00e9licitations aux nouveaux propri\u00e9taires.<\/p>","protected":false},"excerpt":{"rendered":"<p>Maison r\u00e9nov\u00e9e avec maison d'h\u00f4tes au pied du Montgo \u00e0 D\u00e9nia, \u00e0 distance de marche du centre. Proche de plusieurs \u00e9coles dont l'\u00e9cole internationale Alfa y Omega. Vendu ! F\u00e9licitations aux nouveaux propri\u00e9taires.<\/p>","protected":false},"author":5,"featured_media":74724,"parent":0,"menu_order":0,"comment_status":"closed","ping_status":"closed","template":"","woning-eigenschap":[96,117,35],"woning-type":[48],"woning-locatie":[336,79],"woning-status":[26],"class_list":["post-72540","property","type-property","status-publish","has-post-thumbnail","hentry","property-feature-airco","property-feature-zeezicht","property-feature-zwembad","property-type-villa","property-city-costa-blanca-noord","property-city-denia","property-status-te-koop"],"property_meta":{"REAL_HOMES_property_price":"","REAL_HOMES_property_old_price":"","REAL_HOMES_property_price_prefix":"","REAL_HOMES_property_price_postfix":"","REAL_HOMES_property_size":"","REAL_HOMES_property_size_postfix":"","REAL_HOMES_property_lot_size":"","REAL_HOMES_property_lot_size_postfix":"","REAL_HOMES_property_bedrooms":"","REAL_HOMES_property_bathrooms":"","REAL_HOMES_property_garage":"","REAL_HOMES_property_id":"","REAL_HOMES_property_year_built":"","REAL_HOMES_featured":"0","REAL_HOMES_additional_details_list":[],"REAL_HOMES_property_location":{"latitude":"38.828107529491","longitude":"0.11582851409912","zoom":"13"},"REAL_HOMES_property_address":"Montg\u00f3, D\u00e9nia, la Marina Alta, Alicante, Valencia, 03700, Spanje","REAL_HOMES_property_map":"0","REAL_HOMES_property_images":[{"width":150,"height":150,"file":"2024\/12\/Dacasas-Denia.jpg","filesize":727064,"sizes":{"medium":{"file":"Dacasas-Denia-300x225.jpg","width":300,"height":225,"mime-type":"image\/jpeg","filesize":24879,"url":"https:\/\/dacasas.es\/wp-content\/uploads\/2024\/12\/Dacasas-Denia-300x225.jpg"},"large":{"file":"Dacasas-Denia-1024x768.jpg","width":1024,"height":768,"mime-type":"image\/jpeg","filesize":173025,"url":"https:\/\/dacasas.es\/wp-content\/uploads\/2024\/12\/Dacasas-Denia-1024x768.jpg"},"thumbnail":{"file":"Dacasas-Denia-150x150.jpg","width":150,"height":150,"mime-type":"image\/jpeg","filesize":11748,"url":"https:\/\/dacasas.es\/wp-content\/uploads\/2024\/12\/Dacasas-Denia-150x150.jpg"},"medium_large":{"file":"Dacasas-Denia-768x576.jpg","width":768,"height":576,"mime-type":"image\/jpeg","filesize":108668,"url":"https:\/\/dacasas.es\/wp-content\/uploads\/2024\/12\/Dacasas-Denia-768x576.jpg"},"post-thumbnail":{"file":"Dacasas-Denia-150x113.jpg","width":150,"height":113,"mime-type":"image\/jpeg","filesize":10306,"url":"https:\/\/dacasas.es\/wp-content\/uploads\/2024\/12\/Dacasas-Denia-150x113.jpg"},"modern-property-child-slider":{"file":"Dacasas-Denia-680x510.jpg","width":680,"height":510,"mime-type":"image\/jpeg","filesize":88987,"url":"https:\/\/dacasas.es\/wp-content\/uploads\/2024\/12\/Dacasas-Denia-680x510.jpg"},"property-thumb-image":{"file":"Dacasas-Denia-488x326.jpg","width":488,"height":326,"mime-type":"image\/jpeg","filesize":47372,"url":"https:\/\/dacasas.es\/wp-content\/uploads\/2024\/12\/Dacasas-Denia-488x326.jpg"},"property-detail-video-image":{"file":"Dacasas-Denia-818x417.jpg","width":818,"height":417,"mime-type":"image\/jpeg","filesize":86260,"url":"https:\/\/dacasas.es\/wp-content\/uploads\/2024\/12\/Dacasas-Denia-818x417.jpg"},"agent-image":{"file":"Dacasas-Denia-210x210.jpg","width":210,"height":210,"mime-type":"image\/jpeg","filesize":17707,"url":"https:\/\/dacasas.es\/wp-content\/uploads\/2024\/12\/Dacasas-Denia-210x210.jpg"},"partners-logo":{"file":"Dacasas-Denia-600x1080.jpg","width":600,"height":1080,"mime-type":"image\/jpeg","filesize":102193,"url":"https:\/\/dacasas.es\/wp-content\/uploads\/2024\/12\/Dacasas-Denia-600x1080.jpg"},"post-featured-image":{"file":"Dacasas-Denia-1240x720.jpg","width":1240,"height":720,"mime-type":"image\/jpeg","filesize":184036,"url":"https:\/\/dacasas.es\/wp-content\/uploads\/2024\/12\/Dacasas-Denia-1240x720.jpg"}},"image_meta":{"aperture":"0","credit":"","camera":"","caption":"","created_timestamp":"0","copyright":"","focal_length":"0","iso":"0","shutter_speed":"0","title":"","orientation":"0","keywords":[]},"ID":"72542","name":"Dacasas-Denia.jpg","path":"\/var\/www\/vhosts\/dacasas.es\/httpdocs\/wp-content\/uploads\/2024\/12\/Dacasas-Denia.jpg","url":"https:\/\/dacasas.es\/wp-content\/uploads\/2024\/12\/Dacasas-Denia-150x150.jpg","full_url":"https:\/\/dacasas.es\/wp-content\/uploads\/2024\/12\/Dacasas-Denia.jpg","title":"Dacasas - D\u00e9nia","caption":"","description":"","alt":"","srcset":"https:\/\/dacasas.es\/wp-content\/uploads\/2024\/12\/Dacasas-Denia-150x150.jpg 150w, https:\/\/dacasas.es\/wp-content\/uploads\/2024\/12\/Dacasas-Denia-210x210.jpg 210w"},{"width":150,"height":150,"file":"2024\/12\/Dacasas-Denia-1.jpg","filesize":1250194,"sizes":{"medium":{"file":"Dacasas-Denia-1-300x225.jpg","width":300,"height":225,"mime-type":"image\/jpeg","filesize":24954,"url":"https:\/\/dacasas.es\/wp-content\/uploads\/2024\/12\/Dacasas-Denia-1-300x225.jpg"},"large":{"file":"Dacasas-Denia-1-1024x768.jpg","width":1024,"height":768,"mime-type":"image\/jpeg","filesize":174575,"url":"https:\/\/dacasas.es\/wp-content\/uploads\/2024\/12\/Dacasas-Denia-1-1024x768.jpg"},"thumbnail":{"file":"Dacasas-Denia-1-150x150.jpg","width":150,"height":150,"mime-type":"image\/jpeg","filesize":11791,"url":"https:\/\/dacasas.es\/wp-content\/uploads\/2024\/12\/Dacasas-Denia-1-150x150.jpg"},"medium_large":{"file":"Dacasas-Denia-1-768x576.jpg","width":768,"height":576,"mime-type":"image\/jpeg","filesize":110350,"url":"https:\/\/dacasas.es\/wp-content\/uploads\/2024\/12\/Dacasas-Denia-1-768x576.jpg"},"post-thumbnail":{"file":"Dacasas-Denia-1-150x113.jpg","width":150,"height":113,"mime-type":"image\/jpeg","filesize":10301,"url":"https:\/\/dacasas.es\/wp-content\/uploads\/2024\/12\/Dacasas-Denia-1-150x113.jpg"},"modern-property-child-slider":{"file":"Dacasas-Denia-1-680x510.jpg","width":680,"height":510,"mime-type":"image\/jpeg","filesize":90056,"url":"https:\/\/dacasas.es\/wp-content\/uploads\/2024\/12\/Dacasas-Denia-1-680x510.jpg"},"property-thumb-image":{"file":"Dacasas-Denia-1-488x326.jpg","width":488,"height":326,"mime-type":"image\/jpeg","filesize":48609,"url":"https:\/\/dacasas.es\/wp-content\/uploads\/2024\/12\/Dacasas-Denia-1-488x326.jpg"},"property-detail-video-image":{"file":"Dacasas-Denia-1-818x417.jpg","width":818,"height":417,"mime-type":"image\/jpeg","filesize":92335,"url":"https:\/\/dacasas.es\/wp-content\/uploads\/2024\/12\/Dacasas-Denia-1-818x417.jpg"},"agent-image":{"file":"Dacasas-Denia-1-210x210.jpg","width":210,"height":210,"mime-type":"image\/jpeg","filesize":18302,"url":"https:\/\/dacasas.es\/wp-content\/uploads\/2024\/12\/Dacasas-Denia-1-210x210.jpg"},"partners-logo":{"file":"Dacasas-Denia-1-600x1080.jpg","width":600,"height":1080,"mime-type":"image\/jpeg","filesize":135525,"url":"https:\/\/dacasas.es\/wp-content\/uploads\/2024\/12\/Dacasas-Denia-1-600x1080.jpg"},"post-featured-image":{"file":"Dacasas-Denia-1-1240x720.jpg","width":1240,"height":720,"mime-type":"image\/jpeg","filesize":192751,"url":"https:\/\/dacasas.es\/wp-content\/uploads\/2024\/12\/Dacasas-Denia-1-1240x720.jpg"}},"image_meta":{"aperture":"0","credit":"","camera":"","caption":"","created_timestamp":"0","copyright":"","focal_length":"0","iso":"0","shutter_speed":"0","title":"","orientation":"0","keywords":[]},"ID":"72541","name":"Dacasas-Denia-1.jpg","path":"\/var\/www\/vhosts\/dacasas.es\/httpdocs\/wp-content\/uploads\/2024\/12\/Dacasas-Denia-1.jpg","url":"https:\/\/dacasas.es\/wp-content\/uploads\/2024\/12\/Dacasas-Denia-1-150x150.jpg","full_url":"https:\/\/dacasas.es\/wp-content\/uploads\/2024\/12\/Dacasas-Denia-1.jpg","title":"Dacasas - D\u00e9nia 1","caption":"","description":"","alt":"","srcset":"https:\/\/dacasas.es\/wp-content\/uploads\/2024\/12\/Dacasas-Denia-1-150x150.jpg 150w, https:\/\/dacasas.es\/wp-content\/uploads\/2024\/12\/Dacasas-Denia-1-210x210.jpg 210w"}],"REAL_HOMES_change_gallery_slider_type":"0","REAL_HOMES_gallery_slider_type":"thumb-on-right","inspiry_floor_plans":[],"inspiry_video_group":[{"inspiry_video_group_title":"Villa Montgo Dacasas","inspiry_video_group_url":"https:\/\/youtube.com\/shorts\/R7VPmEidxFc"}],"REAL_HOMES_360_virtual_tour":"","REAL_HOMES_agent_display_option":"none","REAL_HOMES_agents":[],"REAL_HOMES_energy_class":"none","REAL_HOMES_energy_performance":"","REAL_HOMES_epc_current_rating":"","REAL_HOMES_epc_potential_rating":"","ere_property_schedule_tour":"global","ere_property_schedule_time_slots":"","ere_property_schedule_description":"","REAL_HOMES_sticky":"0","inspiry_property_label":"SOLD!","inspiry_property_label_color":"#dd3333","inspiry_property_tax":"0","inspiry_additional_fee":"0","REAL_HOMES_attachments":[],"inspiry_property_owner_name":"","inspiry_property_owner_contact":"","inspiry_property_owner_address":"","REAL_HOMES_property_private_note":"","inspiry_message_to_reviewer":"","REAL_HOMES_add_in_slider":"no","REAL_HOMES_slider_image":[],"REAL_HOMES_page_banner_image":[],"REAL_HOMES_hide_property_advance_search":"0","inspiry_maximale_prijs":"","REAL_HOMES_custom_header_display":"default","REAL_HOMES_custom_header_position":"relative","REAL_HOMES_custom_footer_display":"default","REAL_HOMES_hide_advance_search":"0","REAL_HOMES_custom_search_form":"default","REAL_HOMES_search_form_margin_top":"","REAL_HOMES_search_form_margin_bottom":""},"_links":{"self":[{"href":"https:\/\/dacasas.es\/fr\/wp-json\/wp\/v2\/woning\/72540","targetHints":{"allow":["GET"]}}],"collection":[{"href":"https:\/\/dacasas.es\/fr\/wp-json\/wp\/v2\/woning"}],"about":[{"href":"https:\/\/dacasas.es\/fr\/wp-json\/wp\/v2\/types\/property"}],"author":[{"embeddable":true,"href":"https:\/\/dacasas.es\/fr\/wp-json\/wp\/v2\/users\/5"}],"replies":[{"embeddable":true,"href":"https:\/\/dacasas.es\/fr\/wp-json\/wp\/v2\/comments?post=72540"}],"version-history":[{"count":4,"href":"https:\/\/dacasas.es\/fr\/wp-json\/wp\/v2\/woning\/72540\/revisions"}],"predecessor-version":[{"id":74725,"href":"https:\/\/dacasas.es\/fr\/wp-json\/wp\/v2\/woning\/72540\/revisions\/74725"}],"wp:featuredmedia":[{"embeddable":true,"href":"https:\/\/dacasas.es\/fr\/wp-json\/wp\/v2\/media\/74724"}],"wp:attachment":[{"href":"https:\/\/dacasas.es\/fr\/wp-json\/wp\/v2\/media?parent=72540"}],"wp:term":[{"taxonomy":"property-feature","embeddable":true,"href":"https:\/\/dacasas.es\/fr\/wp-json\/wp\/v2\/woning-eigenschap?post=72540"},{"taxonomy":"property-type","embeddable":true,"href":"https:\/\/dacasas.es\/fr\/wp-json\/wp\/v2\/woning-type?post=72540"},{"taxonomy":"property-city","embeddable":true,"href":"https:\/\/dacasas.es\/fr\/wp-json\/wp\/v2\/woning-locatie?post=72540"},{"taxonomy":"property-status","embeddable":true,"href":"https:\/\/dacasas.es\/fr\/wp-json\/wp\/v2\/woning-status?post=72540"}],"curies":[{"name":"wp","href":"https:\/\/api.w.org\/{rel}","templated":true}]}}

Villa rénovée avec vue sur la mer à Dénia

<p>Maison rénovée avec maison d'hôtes au pied du Montgo à Dénia, à distance de marche du centre. Proche de plusieurs écoles dont l'école internationale Alfa y Omega.</p>



<p>Vendu ! Félicitations aux nouveaux propriétaires.</p>

<p>Maison rénovée avec maison d'hôtes au pied du Montgo à Dénia, à distance de marche du centre. Proche de plusieurs écoles dont l'école internationale Alfa y Omega. Vendu ! Félicitations aux nouveaux propriétaires.</p>

Montgó, Dénia, la Marina Alta, Alicante, Valencia, 03700, Spanje

Dacasas - Dénia

Dacasas - Dénia 1
