{"id":66875,"date":"2023-09-19T11:52:46","date_gmt":"2023-09-19T09:52:46","guid":{"rendered":"https:\/\/dacasas.es\/?post_type=property&#038;p=66875"},"modified":"2024-08-28T12:53:58","modified_gmt":"2024-08-28T10:53:58","slug":"batiment-semi-ouvert-els-poblets","status":"publish","type":"property","link":"https:\/\/dacasas.es\/fr\/woning\/half-open-bebouwing-els-poblets\/","title":{"rendered":"D\u00e9veloppement semi-ouvert Els Poblets"},"content":{"rendered":"<p>R\u00e9sidence de 15 maisons individuelles mitoyennes et jumel\u00e9es, avec de vastes jardins et des piscines communes. Les propri\u00e9t\u00e9s ont 2 et 3 chambres \u00e0 coucher, 2 salles de bains, cuisine, salon-salle \u00e0 manger et grandes terrasses, con\u00e7ues avec un go\u00fbt exquis, avec soin pour la distribution de l'int\u00e9rieur, toujours \u00e0 la recherche du plus grand confort pour le client. Les maisons sont construites avec des mat\u00e9riaux de premi\u00e8re qualit\u00e9, \u00e0 une courte distance des meilleures plages de la M\u00e9diterran\u00e9e.<\/p>\n\n\n\n<p>\u00c0 seulement 300 m\u00e8tres de la plage et \u00e0 20 minutes en voiture de la ville de Denia, connue pour son port maritime, son ch\u00e2teau, la montagne El Montg\u00f3 et, bien s\u00fbr, sa gastronomie.<\/p>\n\n\n\n<p>Pour plus d'informations et pour conna\u00eetre les disponibilit\u00e9s, contactez-nous ! +34 629 98 14 87<\/p>","protected":false},"excerpt":{"rendered":"<p>R\u00e9sidence de 15 maisons individuelles mitoyennes et jumel\u00e9es, avec de vastes jardins et des piscines communes. Les maisons ont 2 et 3 chambres \u00e0 coucher, 2 salles de bains, cuisine, salon-salle \u00e0 manger et grandes terrasses, con\u00e7ues avec un go\u00fbt exquis, avec soin pour la distribution de l'int\u00e9rieur, toujours \u00e0 la recherche du plus grand confort pour le client. Les maisons sont construites avec des mat\u00e9riaux...<\/p>","protected":false},"author":5,"featured_media":71274,"parent":0,"menu_order":0,"comment_status":"closed","ping_status":"closed","template":"","woning-eigenschap":[96,35],"woning-type":[48],"woning-locatie":[307],"woning-status":[26],"class_list":["post-66875","property","type-property","status-publish","has-post-thumbnail","hentry","property-feature-airco","property-feature-zwembad","property-type-villa","property-city-els-poblets","property-status-te-koop"],"property_meta":{"REAL_HOMES_property_price":"199000","REAL_HOMES_property_old_price":"","REAL_HOMES_property_price_prefix":"vanaf","REAL_HOMES_property_price_postfix":"","REAL_HOMES_property_size":"","REAL_HOMES_property_size_postfix":"","REAL_HOMES_property_lot_size":"","REAL_HOMES_property_lot_size_postfix":"","REAL_HOMES_property_bedrooms":"","REAL_HOMES_property_bathrooms":"","REAL_HOMES_property_garage":"","REAL_HOMES_property_id":"","REAL_HOMES_property_year_built":"","REAL_HOMES_featured":"0","REAL_HOMES_additional_details_list":[],"REAL_HOMES_property_location":{"latitude":"38.8492741","longitude":"0.0177943","zoom":"14"},"REAL_HOMES_property_address":"els Poblets, la Marina Alta, Alicante, Valencia, 03779, Spanje","REAL_HOMES_property_map":"0","REAL_HOMES_property_images":[{"width":150,"height":150,"file":"2023\/09\/Dacasas-Denia-sold.jpg","filesize":555202,"sizes":{"medium":{"file":"Dacasas-Denia-sold-300x225.jpg","width":300,"height":225,"mime-type":"image\/jpeg","filesize":24760,"url":"https:\/\/dacasas.es\/wp-content\/uploads\/2023\/09\/Dacasas-Denia-sold-300x225.jpg"},"thumbnail":{"file":"Dacasas-Denia-sold-150x150.jpg","width":150,"height":150,"mime-type":"image\/jpeg","filesize":12907,"url":"https:\/\/dacasas.es\/wp-content\/uploads\/2023\/09\/Dacasas-Denia-sold-150x150.jpg"},"medium_large":{"file":"Dacasas-Denia-sold-768x576.jpg","width":768,"height":576,"mime-type":"image\/jpeg","filesize":94569,"url":"https:\/\/dacasas.es\/wp-content\/uploads\/2023\/09\/Dacasas-Denia-sold-768x576.jpg"},"post-thumbnail":{"file":"Dacasas-Denia-sold-150x113.jpg","width":150,"height":113,"mime-type":"image\/jpeg","filesize":11488,"url":"https:\/\/dacasas.es\/wp-content\/uploads\/2023\/09\/Dacasas-Denia-sold-150x113.jpg"},"modern-property-child-slider":{"file":"Dacasas-Denia-sold-680x510.jpg","width":680,"height":510,"mime-type":"image\/jpeg","filesize":78585,"url":"https:\/\/dacasas.es\/wp-content\/uploads\/2023\/09\/Dacasas-Denia-sold-680x510.jpg"},"property-thumb-image":{"file":"Dacasas-Denia-sold-488x326.jpg","width":488,"height":326,"mime-type":"image\/jpeg","filesize":44069,"url":"https:\/\/dacasas.es\/wp-content\/uploads\/2023\/09\/Dacasas-Denia-sold-488x326.jpg"},"property-detail-video-image":{"file":"Dacasas-Denia-sold-818x417.jpg","width":818,"height":417,"mime-type":"image\/jpeg","filesize":82749,"url":"https:\/\/dacasas.es\/wp-content\/uploads\/2023\/09\/Dacasas-Denia-sold-818x417.jpg"},"agent-image":{"file":"Dacasas-Denia-sold-210x210.jpg","width":210,"height":210,"mime-type":"image\/jpeg","filesize":18940,"url":"https:\/\/dacasas.es\/wp-content\/uploads\/2023\/09\/Dacasas-Denia-sold-210x210.jpg"},"partners-logo":{"file":"Dacasas-Denia-sold-600x750.jpg","width":600,"height":750,"mime-type":"image\/jpeg","filesize":104272,"url":"https:\/\/dacasas.es\/wp-content\/uploads\/2023\/09\/Dacasas-Denia-sold-600x750.jpg"},"post-featured-image":{"file":"Dacasas-Denia-sold-1000x720.jpg","width":1000,"height":720,"mime-type":"image\/jpeg","filesize":157998,"url":"https:\/\/dacasas.es\/wp-content\/uploads\/2023\/09\/Dacasas-Denia-sold-1000x720.jpg"}},"image_meta":{"aperture":"2.2","credit":"","camera":"SM-G975F","caption":"","created_timestamp":"0","copyright":"","focal_length":"1.8","iso":"50","shutter_speed":"0.00037425149700599","title":"","orientation":"1","keywords":[]},"ID":"71274","name":"Dacasas-Denia-vendu.jpg","path":"\/var\/www\/vhosts\/dacasas.es\/httpdocs\/wp-content\/uploads\/2023\/09\/Dacasas-Denia-sold.jpg","url":"https:\/\/dacasas.es\/wp-content\/uploads\/2023\/09\/Dacasas-Denia-sold-150x150.jpg","full_url":"https:\/\/dacasas.es\/wp-content\/uploads\/2023\/09\/Dacasas-Denia-sold.jpg","title":"Dacasas - Denia vendus !","caption":"","description":"","alt":"","srcset":"https:\/\/dacasas.es\/wp-content\/uploads\/2023\/09\/Dacasas-Denia-sold-150x150.jpg 150w, https:\/\/dacasas.es\/wp-content\/uploads\/2023\/09\/Dacasas-Denia-sold-210x210.jpg 210w"}],"REAL_HOMES_change_gallery_slider_type":"0","REAL_HOMES_gallery_slider_type":"thumb-on-right","inspiry_floor_plans":[],"inspiry_video_group":[],"REAL_HOMES_360_virtual_tour":"","REAL_HOMES_agent_display_option":"none","REAL_HOMES_agents":[],"REAL_HOMES_energy_class":"none","REAL_HOMES_energy_performance":"","REAL_HOMES_epc_current_rating":"","REAL_HOMES_epc_potential_rating":"","ere_property_schedule_tour":"global","ere_property_schedule_time_slots":"","ere_property_schedule_description":"","REAL_HOMES_sticky":"0","inspiry_property_label":"Uitverkocht!","inspiry_property_label_color":"#dd3333","inspiry_property_tax":"0","inspiry_additional_fee":"0","REAL_HOMES_attachments":[],"inspiry_property_owner_name":"","inspiry_property_owner_contact":"","inspiry_property_owner_address":"","REAL_HOMES_property_private_note":"","inspiry_message_to_reviewer":"","REAL_HOMES_add_in_slider":"no","REAL_HOMES_slider_image":[],"REAL_HOMES_page_banner_image":[],"REAL_HOMES_hide_property_advance_search":"0","inspiry_maximale_prijs":"","REAL_HOMES_custom_header_display":"default","REAL_HOMES_custom_header_position":"relative","REAL_HOMES_custom_footer_display":"default","REAL_HOMES_hide_advance_search":"0","REAL_HOMES_custom_search_form":"default","REAL_HOMES_search_form_margin_top":"","REAL_HOMES_search_form_margin_bottom":""},"_links":{"self":[{"href":"https:\/\/dacasas.es\/fr\/wp-json\/wp\/v2\/woning\/66875","targetHints":{"allow":["GET"]}}],"collection":[{"href":"https:\/\/dacasas.es\/fr\/wp-json\/wp\/v2\/woning"}],"about":[{"href":"https:\/\/dacasas.es\/fr\/wp-json\/wp\/v2\/types\/property"}],"author":[{"embeddable":true,"href":"https:\/\/dacasas.es\/fr\/wp-json\/wp\/v2\/users\/5"}],"replies":[{"embeddable":true,"href":"https:\/\/dacasas.es\/fr\/wp-json\/wp\/v2\/comments?post=66875"}],"version-history":[{"count":1,"href":"https:\/\/dacasas.es\/fr\/wp-json\/wp\/v2\/woning\/66875\/revisions"}],"predecessor-version":[{"id":66877,"href":"https:\/\/dacasas.es\/fr\/wp-json\/wp\/v2\/woning\/66875\/revisions\/66877"}],"wp:featuredmedia":[{"embeddable":true,"href":"https:\/\/dacasas.es\/fr\/wp-json\/wp\/v2\/media\/71274"}],"wp:attachment":[{"href":"https:\/\/dacasas.es\/fr\/wp-json\/wp\/v2\/media?parent=66875"}],"wp:term":[{"taxonomy":"property-feature","embeddable":true,"href":"https:\/\/dacasas.es\/fr\/wp-json\/wp\/v2\/woning-eigenschap?post=66875"},{"taxonomy":"property-type","embeddable":true,"href":"https:\/\/dacasas.es\/fr\/wp-json\/wp\/v2\/woning-type?post=66875"},{"taxonomy":"property-city","embeddable":true,"href":"https:\/\/dacasas.es\/fr\/wp-json\/wp\/v2\/woning-locatie?post=66875"},{"taxonomy":"property-status","embeddable":true,"href":"https:\/\/dacasas.es\/fr\/wp-json\/wp\/v2\/woning-status?post=66875"}],"curies":[{"name":"wp","href":"https:\/\/api.w.org\/{rel}","templated":true}]}}

Développement semi-ouvert Els Poblets

<p>Résidence de 15 maisons individuelles mitoyennes et jumelées, avec de vastes jardins et des piscines communes. Les propriétés ont 2 et 3 chambres à coucher, 2 salles de bains, cuisine, salon-salle à manger et grandes terrasses, conçues avec un goût exquis, avec soin pour la distribution de l'intérieur, toujours à la recherche du plus grand confort pour le client. Les maisons sont construites avec des matériaux de première qualité, à une courte distance des meilleures plages de la Méditerranée.</p>



<p>À seulement 300 mètres de la plage et à 20 minutes en voiture de la ville de Denia, connue pour son port maritime, son château, la montagne El Montgó et, bien sûr, sa gastronomie.</p>



<p>Pour plus d'informations et pour connaître les disponibilités, contactez-nous ! +34 629 98 14 87</p>

<p>Résidence de 15 maisons individuelles mitoyennes et jumelées, avec de vastes jardins et des piscines communes. Les maisons ont 2 et 3 chambres à coucher, 2 salles de bains, cuisine, salon-salle à manger et grandes terrasses, conçues avec un goût exquis, avec soin pour la distribution de l'intérieur, toujours à la recherche du plus grand confort pour le client. Les maisons sont construites avec des matériaux...</p>
