{"id":73706,"date":"2025-09-16T11:10:30","date_gmt":"2025-09-16T09:10:30","guid":{"rendered":"https:\/\/dacasas.es\/woning\/villa-in-benissa-2\/"},"modified":"2025-12-22T18:36:35","modified_gmt":"2025-12-22T16:36:35","slug":"villa-in-benissa-2","status":"publish","type":"property","link":"https:\/\/dacasas.es\/de\/woning\/villa-in-benissa-2\/","title":{"rendered":"Villa in , Benissa"},"content":{"rendered":"<p>PLATZ:<br \/>\n&#xD;<br \/>\nVilla im avantgardistischen Stil im Bau mit Meerblick zum Verkauf in Benissa Costa. Diese Villa befindet sich in der begehrtesten Gegend von Moraira-Benissa: Rac\u00f3 de Galeno in einem Gebiet, das von Meer und Bergen umgeben ist.<br \/>\n&#xD;<br \/>\nDie Villa liegt nur wenige Meter vom Strand von Fustera und dem Zentrum von Benissa entfernt und 50 Minuten vom Flughafen Alicante.<br \/>\n&#xD;<br \/>\nLAYOUT UND DESIGN:<br \/>\n&#xD;<br \/>\nDieses einzigartige und exklusive Projekt besteht aus 4 gro\u00dfen Doppelschlafzimmern mit 4 eigenen B\u00e4dern.<br \/>\n&#xD;<br \/>\nEine bebaute Fl\u00e4che von 1.068 m2 und eine Nutzfl\u00e4che von 380 m2 auf einer Etage, in der Sie dank der einzigartigen Architektur von allen R\u00e4umen aus einen beeindruckenden Blick auf das Mittelmeer und den Pe\u00f1\u00f3n de Ifach genie\u00dfen k\u00f6nnen.  Hervorzuheben ist nicht nur die einzigartige Struktur auf 5 Pfeilern, sondern auch das einzigartige und minimalistische Design mit nat\u00fcrlichen Materialien wie Natursteinmauern und Beton, die vollst\u00e4ndig in die Landschaft integriert sind. Die Ger\u00e4umigkeit und Helligkeit sowohl des ger\u00e4umigen Wohn-Esszimmers als auch des Hauptschlafzimmers mit privater Terrasse machen diese Villa noch besonderer.<br \/>\n&#xD;<br \/>\nSTELLPLATZ UND GARTEN:<br \/>\n&#xD;<br \/>\nDas ger\u00e4umige Grundst\u00fcck von 1.582m2 erm\u00f6glicht ein gutes Ma\u00df an Privatsph\u00e4re und einen sch\u00f6nen Meerblick. Der Garten ist im Zen-Stil mit mediterranen Pflanzen, automatische Bew\u00e4sserung und LED-Beleuchtung.<br \/>\n&#xD;<br \/>\nAUSR\u00dcSTUNG:<br \/>\n&#xD;<br \/>\nDiese Villa im avantgardistischen Stil verf\u00fcgt \u00fcber eine Ausstattung, die auf dem h\u00f6chsten Niveau dieser Art von Luxusvillen liegt und je nach den Bed\u00fcrfnissen und dem Geschmack eines jeden Kunden sehr individuell gestaltet ist.<br \/>\n&#xD;<br \/>\nBitte z\u00f6gern Sie nicht, GH Costa Blanca, Ihren vertrauensw\u00fcrdigen Immobilienmakler an der Costa Blanca, zu kontaktieren, um weitere Informationen \u00fcber unser umfangreiches Portfolio an im Bau befindlichen und fertiggestellten Immobilien zu erhalten oder um einen Besichtigungstermin f\u00fcr diese Luxusvilla in Benissa Costa zu vereinbaren.<\/p>","protected":false},"excerpt":{"rendered":"<p>PLACE: Villa im avantgardistischen Stil im Bau mit Meerblick zu verkaufen in Benissa Costa. Diese Villa befindet sich in der begehrtesten Gegend von Moraira-Benissa: Rac\u00f3 de Galeno in einem Gebiet, das vom Meer und den Bergen umgeben ist, nur wenige Meter vom Strand Fustera und dem Zentrum von Benissa...<\/p>","protected":false},"author":2,"featured_media":74630,"parent":0,"menu_order":0,"comment_status":"open","ping_status":"open","template":"","woning-eigenschap":[96,117,35],"woning-type":[48],"woning-locatie":[114,336],"woning-status":[26],"class_list":["post-73706","property","type-property","status-publish","has-post-thumbnail","hentry","property-feature-airco","property-feature-zeezicht","property-feature-zwembad","property-type-villa","property-city-benissa","property-city-costa-blanca-noord","property-status-te-koop"],"property_meta":{"REAL_HOMES_property_price":"3950000","REAL_HOMES_property_old_price":"","REAL_HOMES_property_price_prefix":"","REAL_HOMES_property_price_postfix":"","REAL_HOMES_property_size":"1068","REAL_HOMES_property_size_postfix":"m\u00b2","REAL_HOMES_property_lot_size":"1587","REAL_HOMES_property_lot_size_postfix":"m\u00b2","REAL_HOMES_property_bedrooms":"4","REAL_HOMES_property_bathrooms":"4","REAL_HOMES_property_garage":"","REAL_HOMES_property_id":"4006","REAL_HOMES_property_year_built":"","REAL_HOMES_featured":"0","REAL_HOMES_additional_details_list":[],"REAL_HOMES_property_location":{"latitude":"0","longitude":"0","zoom":"0"},"REAL_HOMES_property_address":"Benissa","REAL_HOMES_property_map":"","REAL_HOMES_property_images":[],"REAL_HOMES_change_gallery_slider_type":"0","REAL_HOMES_gallery_slider_type":"thumb-on-right","inspiry_floor_plans":[],"inspiry_video_group":[],"REAL_HOMES_360_virtual_tour":"","REAL_HOMES_agent_display_option":"","REAL_HOMES_agents":[],"REAL_HOMES_energy_class":"none","REAL_HOMES_energy_performance":"","REAL_HOMES_epc_current_rating":"","REAL_HOMES_epc_potential_rating":"","ere_property_schedule_tour":"global","ere_property_schedule_time_slots":"","ere_property_schedule_description":"","REAL_HOMES_sticky":"0","inspiry_property_label":"","inspiry_property_label_color":"","inspiry_property_tax":"","inspiry_additional_fee":"","REAL_HOMES_attachments":[],"inspiry_property_owner_name":"","inspiry_property_owner_contact":"","inspiry_property_owner_address":"","REAL_HOMES_property_private_note":"","inspiry_message_to_reviewer":"","REAL_HOMES_add_in_slider":"","REAL_HOMES_slider_image":[],"REAL_HOMES_page_banner_image":[],"REAL_HOMES_hide_property_advance_search":"0","inspiry_maximale_prijs":"","REAL_HOMES_custom_header_display":"default","REAL_HOMES_custom_header_position":"relative","REAL_HOMES_custom_footer_display":"default","REAL_HOMES_hide_advance_search":"0","REAL_HOMES_custom_search_form":"default","REAL_HOMES_search_form_margin_top":"","REAL_HOMES_search_form_margin_bottom":""},"_links":{"self":[{"href":"https:\/\/dacasas.es\/de\/wp-json\/wp\/v2\/woning\/73706","targetHints":{"allow":["GET"]}}],"collection":[{"href":"https:\/\/dacasas.es\/de\/wp-json\/wp\/v2\/woning"}],"about":[{"href":"https:\/\/dacasas.es\/de\/wp-json\/wp\/v2\/types\/property"}],"author":[{"embeddable":true,"href":"https:\/\/dacasas.es\/de\/wp-json\/wp\/v2\/users\/2"}],"replies":[{"embeddable":true,"href":"https:\/\/dacasas.es\/de\/wp-json\/wp\/v2\/comments?post=73706"}],"version-history":[{"count":5,"href":"https:\/\/dacasas.es\/de\/wp-json\/wp\/v2\/woning\/73706\/revisions"}],"predecessor-version":[{"id":74629,"href":"https:\/\/dacasas.es\/de\/wp-json\/wp\/v2\/woning\/73706\/revisions\/74629"}],"wp:featuredmedia":[{"embeddable":true,"href":"https:\/\/dacasas.es\/de\/wp-json\/wp\/v2\/media\/74630"}],"wp:attachment":[{"href":"https:\/\/dacasas.es\/de\/wp-json\/wp\/v2\/media?parent=73706"}],"wp:term":[{"taxonomy":"property-feature","embeddable":true,"href":"https:\/\/dacasas.es\/de\/wp-json\/wp\/v2\/woning-eigenschap?post=73706"},{"taxonomy":"property-type","embeddable":true,"href":"https:\/\/dacasas.es\/de\/wp-json\/wp\/v2\/woning-type?post=73706"},{"taxonomy":"property-city","embeddable":true,"href":"https:\/\/dacasas.es\/de\/wp-json\/wp\/v2\/woning-locatie?post=73706"},{"taxonomy":"property-status","embeddable":true,"href":"https:\/\/dacasas.es\/de\/wp-json\/wp\/v2\/woning-status?post=73706"}],"curies":[{"name":"wp","href":"https:\/\/api.w.org\/{rel}","templated":true}]}}

<p>PLATZ:<br />
&#xD;<br />
Villa im avantgardistischen Stil im Bau mit Meerblick zum Verkauf in Benissa Costa. Diese Villa befindet sich in der begehrtesten Gegend von Moraira-Benissa: Racó de Galeno in einem Gebiet, das von Meer und Bergen umgeben ist.<br />
&#xD;<br />
Die Villa liegt nur wenige Meter vom Strand von Fustera und dem Zentrum von Benissa entfernt und 50 Minuten vom Flughafen Alicante.<br />
&#xD;<br />
LAYOUT UND DESIGN:<br />
&#xD;<br />
Dieses einzigartige und exklusive Projekt besteht aus 4 großen Doppelschlafzimmern mit 4 eigenen Bädern.<br />
&#xD;<br />
Eine bebaute Fläche von 1.068 m2 und eine Nutzfläche von 380 m2 auf einer Etage, in der Sie dank der einzigartigen Architektur von allen Räumen aus einen beeindruckenden Blick auf das Mittelmeer und den Peñón de Ifach genießen können.  Hervorzuheben ist nicht nur die einzigartige Struktur auf 5 Pfeilern, sondern auch das einzigartige und minimalistische Design mit natürlichen Materialien wie Natursteinmauern und Beton, die vollständig in die Landschaft integriert sind. Die Geräumigkeit und Helligkeit sowohl des geräumigen Wohn-Esszimmers als auch des Hauptschlafzimmers mit privater Terrasse machen diese Villa noch besonderer.<br />
&#xD;<br />
STELLPLATZ UND GARTEN:<br />
&#xD;<br />
Das geräumige Grundstück von 1.582m2 ermöglicht ein gutes Maß an Privatsphäre und einen schönen Meerblick. Der Garten ist im Zen-Stil mit mediterranen Pflanzen, automatische Bewässerung und LED-Beleuchtung.<br />
&#xD;<br />
AUSRÜSTUNG:<br />
&#xD;<br />
Diese Villa im avantgardistischen Stil verfügt über eine Ausstattung, die auf dem höchsten Niveau dieser Art von Luxusvillen liegt und je nach den Bedürfnissen und dem Geschmack eines jeden Kunden sehr individuell gestaltet ist.<br />
&#xD;<br />
Bitte zögern Sie nicht, GH Costa Blanca, Ihren vertrauenswürdigen Immobilienmakler an der Costa Blanca, zu kontaktieren, um weitere Informationen über unser umfangreiches Portfolio an im Bau befindlichen und fertiggestellten Immobilien zu erhalten oder um einen Besichtigungstermin für diese Luxusvilla in Benissa Costa zu vereinbaren.</p>

<p>PLACE: Villa im avantgardistischen Stil im Bau mit Meerblick zu verkaufen in Benissa Costa. Diese Villa befindet sich in der begehrtesten Gegend von Moraira-Benissa: Racó de Galeno in einem Gebiet, das vom Meer und den Bergen umgeben ist, nur wenige Meter vom Strand Fustera und dem Zentrum von Benissa...</p>
